{"id":1204,"date":"2021-11-19T09:12:36","date_gmt":"2021-11-19T11:12:36","guid":{"rendered":"https:\/\/www.esoz-projekty.cz\/?page_id=1204"},"modified":"2024-07-09T09:00:01","modified_gmt":"2024-07-09T11:00:01","slug":"chomutov-mesto","status":"publish","type":"page","link":"https:\/\/www.esoz-projekty.cz\/?page_id=1204","title":{"rendered":"Chomutov m\u011bsto"},"content":{"rendered":"\n<figure class=\"wp-block-image size-medium\"><img loading=\"lazy\" width=\"300\" height=\"169\" src=\"https:\/\/www.esoz-projekty.cz\/wp-content\/uploads\/2021\/11\/chomutov_2011_logo_RGB-1-300x169.jpg\" alt=\"\" class=\"wp-image-1206\" srcset=\"https:\/\/www.esoz-projekty.cz\/wp-content\/uploads\/2021\/11\/chomutov_2011_logo_RGB-1-300x169.jpg 300w, https:\/\/www.esoz-projekty.cz\/wp-content\/uploads\/2021\/11\/chomutov_2011_logo_RGB-1-768x432.jpg 768w, https:\/\/www.esoz-projekty.cz\/wp-content\/uploads\/2021\/11\/chomutov_2011_logo_RGB-1.jpg 800w\" sizes=\"(max-width: 300px) 100vw, 300px\" \/><figcaption><strong><br><br>Realizov\u00e1no za finan\u010dn\u00ed podpory statut\u00e1rn\u00edho m\u011bsta Chomutova<\/strong><\/figcaption><\/figure>\n\n\n\n<p>N\u00e1zev projektu:&nbsp;<strong><span class=\"has-inline-color has-vivid-red-color\">\u0160kola pln\u00e1 energie &#8211; 70.&nbsp;let<\/span><\/strong><\/p>\n\n\n\n<p>Realizace: 1.&nbsp;4.&nbsp;2021 \u2013 30.&nbsp;9.&nbsp;2021<\/p>\n\n\n\n<p>Dota\u010dn\u00ed program: Kultura, kreativita, region\u00e1ln\u00ed historie a komunitn\u00ed rozvoj 2021<\/p>\n\n\n\n<p>Ve \u0161koln\u00edm roce 2021\/2022 oslav\u00ed \u0161kola (energetick\u00e1 \u010d\u00e1st) 70.&nbsp;v\u00fdro\u010d\u00ed sv\u00e9ho zalo\u017een\u00ed. R\u00e1di bychom sezn\u00e1mili ve\u0159ejnost nejen s&nbsp;histori\u00ed \u0161koly, ale tak\u00e9 v\u00fdvojem odborn\u00e9ho \u0161kolstv\u00ed v&nbsp;energetice v&nbsp;Chomutov\u011b.<\/p>\n\n\n\n<p>Ve\u0159ejnosti v\u00edce zp\u0159\u00edstupn\u00edme prostory \u0161koly, bude p\u0159ipraveno n\u011bkolik akc\u00ed, v\u010d. odborn\u00fdch p\u0159edn\u00e1\u0161ek ve spolupr\u00e1ci se zam\u011bstnavateli v&nbsp;tomto oboru.<\/p>\n\n\n\n<figure class=\"wp-block-image size-medium\"><a href=\"https:\/\/www.esoz-projekty.cz\/wp-content\/uploads\/2021\/12\/70_vyroci_sose_plakat.jpg\" target=\"_blank\" rel=\"noopener\"><img loading=\"lazy\" width=\"210\" height=\"300\" src=\"https:\/\/www.esoz-projekty.cz\/wp-content\/uploads\/2021\/12\/70_vyroci_sose_plakat-210x300.jpg\" alt=\"\" class=\"wp-image-1225\" srcset=\"https:\/\/www.esoz-projekty.cz\/wp-content\/uploads\/2021\/12\/70_vyroci_sose_plakat-210x300.jpg 210w, https:\/\/www.esoz-projekty.cz\/wp-content\/uploads\/2021\/12\/70_vyroci_sose_plakat.jpg 717w\" sizes=\"(max-width: 210px) 100vw, 210px\" \/><\/a><\/figure>\n\n\n\n<p>V r\u00e1mci tohoto projektu budou zpracov\u00e1ny dva v\u00fdstupy:<\/p>\n\n\n\n<p>1.&nbsp;&nbsp;&nbsp;&nbsp;&nbsp;&nbsp;&nbsp;\u0160KOLA V&nbsp;\u010cASE \u2013 film o historii \u0161koly<\/p>\n\n\n\n<p>2.&nbsp;&nbsp;&nbsp;&nbsp;&nbsp;&nbsp;&nbsp;\u0160KOLA V&nbsp;\u010cASE &#8211; ti\u0161t\u011bn\u00fd materi\u00e1l<\/p>\n\n\n\n<figure class=\"wp-block-embed is-type-video is-provider-youtube wp-block-embed-youtube wp-embed-aspect-16-9 wp-has-aspect-ratio\"><div class=\"wp-block-embed__wrapper\">\n<div class='embed-container'><iframe loading=\"lazy\" title=\"70. v\u00fdro\u010d\u00ed SO\u0160 energetick\u00e9 1951 - 2021\" width=\"1920\" height=\"1080\" src=\"https:\/\/www.youtube.com\/embed\/mSvHEBRoOXI?feature=oembed\" frameborder=\"0\" allow=\"accelerometer; autoplay; clipboard-write; encrypted-media; gyroscope; picture-in-picture; web-share\" referrerpolicy=\"strict-origin-when-cross-origin\" allowfullscreen><\/iframe><\/div>\n<\/div><\/figure>\n","protected":false},"excerpt":{"rendered":"<p>N\u00e1zev projektu:&nbsp;\u0160kola pln\u00e1 energie &#8211; 70.&nbsp;let Realizace: 1.&nbsp;4.&nbsp;2021 \u2013 30.&nbsp;9.&nbsp;2021 Dota\u010dn\u00ed program: Kultura, kreativita, region\u00e1ln\u00ed historie a komunitn\u00ed rozvoj 2021 Ve \u0161koln\u00edm roce 2021\/2022 oslav\u00ed \u0161kola (energetick\u00e1 \u010d\u00e1st) 70.&nbsp;v\u00fdro\u010d\u00ed sv\u00e9ho zalo\u017een\u00ed. R\u00e1di bychom sezn\u00e1mili ve\u0159ejnost nejen s&nbsp;histori\u00ed \u0161koly, ale tak\u00e9 v\u00fdvojem odborn\u00e9ho \u0161kolstv\u00ed v&nbsp;energetice v&nbsp;Chomutov\u011b. Ve\u0159ejnosti v\u00edce zp\u0159\u00edstupn\u00edme prostory \u0161koly, bude p\u0159ipraveno n\u011bkolik akc\u00ed, v\u010d.&hellip; <br \/> <a class=\"read-more\" href=\"https:\/\/www.esoz-projekty.cz\/?page_id=1204\">V\u00edce<\/a><\/p>\n","protected":false},"author":3,"featured_media":1206,"parent":489,"menu_order":0,"comment_status":"closed","ping_status":"closed","template":"","meta":[],"_links":{"self":[{"href":"https:\/\/www.esoz-projekty.cz\/index.php?rest_route=\/wp\/v2\/pages\/1204"}],"collection":[{"href":"https:\/\/www.esoz-projekty.cz\/index.php?rest_route=\/wp\/v2\/pages"}],"about":[{"href":"https:\/\/www.esoz-projekty.cz\/index.php?rest_route=\/wp\/v2\/types\/page"}],"author":[{"embeddable":true,"href":"https:\/\/www.esoz-projekty.cz\/index.php?rest_route=\/wp\/v2\/users\/3"}],"replies":[{"embeddable":true,"href":"https:\/\/www.esoz-projekty.cz\/index.php?rest_route=%2Fwp%2Fv2%2Fcomments&post=1204"}],"version-history":[{"count":7,"href":"https:\/\/www.esoz-projekty.cz\/index.php?rest_route=\/wp\/v2\/pages\/1204\/revisions"}],"predecessor-version":[{"id":1287,"href":"https:\/\/www.esoz-projekty.cz\/index.php?rest_route=\/wp\/v2\/pages\/1204\/revisions\/1287"}],"up":[{"embeddable":true,"href":"https:\/\/www.esoz-projekty.cz\/index.php?rest_route=\/wp\/v2\/pages\/489"}],"wp:featuredmedia":[{"embeddable":true,"href":"https:\/\/www.esoz-projekty.cz\/index.php?rest_route=\/wp\/v2\/media\/1206"}],"wp:attachment":[{"href":"https:\/\/www.esoz-projekty.cz\/index.php?rest_route=%2Fwp%2Fv2%2Fmedia&parent=1204"}],"curies":[{"name":"wp","href":"https:\/\/api.w.org\/{rel}","templated":true}]}}