{"id":1407,"date":"2024-08-21T05:09:25","date_gmt":"2024-08-21T07:09:25","guid":{"rendered":"https:\/\/www.esoz-projekty.cz\/?page_id=1407"},"modified":"2024-08-21T05:09:25","modified_gmt":"2024-08-21T07:09:25","slug":"nemecko-nardt","status":"publish","type":"page","link":"https:\/\/www.esoz-projekty.cz\/?page_id=1407","title":{"rendered":"N\u011bmecko Nardt"},"content":{"rendered":"\n<figure class=\"wp-block-image size-full\"><img loading=\"lazy\" width=\"576\" height=\"121\" src=\"https:\/\/www.esoz-projekty.cz\/wp-content\/uploads\/2024\/07\/logo.jpg\" alt=\"\" class=\"wp-image-1366\" srcset=\"https:\/\/www.esoz-projekty.cz\/wp-content\/uploads\/2024\/07\/logo.jpg 576w, https:\/\/www.esoz-projekty.cz\/wp-content\/uploads\/2024\/07\/logo-300x63.jpg 300w\" sizes=\"(max-width: 576px) 100vw, 576px\" \/><\/figure>\n\n\n\n<p>2024-1-CZ01-KA121-VET-000205555<\/p>\n\n\n\n<p>V&nbsp;r\u00e1mci programu Erasmus+ nab\u00edz\u00edme \u017e\u00e1k\u016fm \u010dtvrt\u00fdch ro\u010dn\u00edk\u016f maturitn\u00edho oboru \u201eStrojn\u00edk po\u017e\u00e1rn\u00ed techniky\u201c mo\u017enost vycestovat na pracovn\u00ed st\u00e1\u017e do n\u011bmeck\u00e9ho m\u011bsta Nardt.<\/p>\n\n\n\n<p>St\u00e1\u017e se uskute\u010dn\u00ed <strong>7.\u00a010.\u00a02024 \u2013 18.\u00a010.\u00a02024<\/strong> a bude pln\u011b hrazena z\u00a0programu Erasmus+.<\/p>\n\n\n\n<p><strong><u>C\u00edlov\u00e1 skupina<\/u><\/strong><\/p>\n\n\n\n<p>\u017d\u00e1ci \u010dtvrt\u00e9ho ro\u010dn\u00edku maturitn\u00edho oboru Strojn\u00edk po\u017e\u00e1rn\u00ed techniky.<\/p>\n\n\n\n<p><strong><u>V\u00fdb\u011br \u00fa\u010dastn\u00edk\u016f:<\/u><\/strong><\/p>\n\n\n\n<p>V\u00fdb\u011br \u017e\u00e1k\u016f provede v\u00fdb\u011brov\u00e1 komise slo\u017een\u00e1 z&nbsp;t\u0159\u00eddn\u00edho u\u010ditele, u\u010ditel\u016f odborn\u00fdch p\u0159edm\u011bt\u016f, u\u010ditel\u016f jazyk\u016f, z\u00e1stupce st\u0159ediska RaDoSt a vedouc\u00ed domova ml\u00e1de\u017ee.<\/p>\n\n\n\n<p>Po\u0159ad\u00ed bude stanoveno na z\u00e1klad\u011b p\u0159\u00edstupu \u017e\u00e1ka k&nbsp;dan\u00e9mu oboru a ke \u0161kole, celkov\u00e9mu prosp\u011bchu, prosp\u011bchu v&nbsp;kl\u00ed\u010dov\u00fdch p\u0159edm\u011btech (v&nbsp;tomto p\u0159\u00edpad\u011b p\u0159edev\u0161\u00edm odborn\u00fdch), jazykov\u00fdch kompetenc\u00ed.<\/p>\n\n\n\n<p><strong>Pro tento projekt budou nastavena obecn\u00e1 hodnot\u00edc\u00ed krit\u00e9ria n\u00e1sledovn\u011b<\/strong>:<\/p>\n\n\n\n<ul><li>celkov\u00fd prosp\u011bch: 0 \u2013 10 bod\u016f<\/li><li>prosp\u011bch v&nbsp;kl\u00ed\u010dov\u00fdch p\u0159edm\u011btech: 0 \u2013 10 bod\u016f<\/li><li>jazykov\u00e9 znalosti (komunikace, porozum\u011bn\u00ed, schopnost reagovat): 0 \u2013 10 bod\u016f<\/li><li>zm\u011bna p\u0159\u00edstupu ke \u0161kole a vzd\u011bl\u00e1v\u00e1n\u00ed ve \u0161koln\u00edm roce 2023\/2024: -5 a\u017e + 5<\/li><li>reprezentace \u0161koly na sout\u011b\u017e\u00edch: 0 \u2013 10 bod\u016f<\/li><li>zapojen\u00ed se do aktivit \u0161koly: 0 \u2013 10 bod\u016f<\/li><\/ul>\n\n\n\n<p>Term\u00edn pod\u00e1n\u00ed p\u0159ihl\u00e1\u0161ek: <strong>11.\u00a09.\u00a02024 do 24:00<\/strong><\/p>\n\n\n\n<p>P\u0159ihla\u0161ovac\u00ed formul\u00e1\u0159 bude rozesl\u00e1n elektronicky p\u0159es syst\u00e9m bakal\u00e1\u0159 \u017e\u00e1k\u016fm oboru a ro\u010dn\u00edku, jich\u017e se st\u00e1\u017e t\u00fdk\u00e1. P\u0159\u00edlohou p\u0159ihl\u00e1\u0161ky je strukturovan\u00fd \u017eivotopis uchaze\u010de v&nbsp;anglick\u00e9m jazyce.<\/p>\n\n\n\n<p>Bude vybr\u00e1no 8 \u017e\u00e1k\u016f a 2 n\u00e1hradn\u00edci.<\/p>\n\n\n\n<p><strong><u>Z&nbsp;projektu bude uhrazeno:<\/u><\/strong><\/p>\n\n\n\n<ul><li>Zprost\u0159edkov\u00e1n\u00ed st\u00e1\u017ee, mentoring, monitoring<\/li><li>Doprava do m\u00edsta a z&nbsp;m\u00edsta kon\u00e1n\u00ed<\/li><li>Ubytov\u00e1n\u00ed<\/li><li>Stravov\u00e1n\u00ed<\/li><li>M\u00edstn\u00ed doprava<\/li><li>Poji\u0161t\u011bn\u00ed<\/li><li>Doprovodn\u00fd program<\/li><\/ul>\n\n\n\n<p>S&nbsp;ka\u017ed\u00fdm \u00fa\u010dastn\u00edkem bude uzav\u0159ena smlouva o&nbsp;mobilit\u011b. Na sch\u016fzk\u00e1ch budou p\u0159ed\u00e1ny podrobn\u00e9 informace.<\/p>\n\n\n\n<p><strong><u>Informace ke st\u00e1\u017ei a projektu:<\/u><\/strong><\/p>\n\n\n\n<p>N\u011bmecko, Nardt<\/p>\n\n\n\n<p>\u017d\u00e1k mus\u00ed v&nbsp;r\u00e1mci absolvovat spole\u010dnou p\u0159\u00edpravu s&nbsp;n\u011bmeck\u00fdmi hasi\u010di v&nbsp;rozsahu 10 pracovn\u00edch dn\u00ed<\/p>\n\n\n\n<p>Ubytov\u00e1n\u00ed na ubytovn\u011b p\u0159ij\u00edmaj\u00edc\u00ed \u0161koly, stravov\u00e1n\u00ed pln\u00e1 penze<\/p>\n\n\n\n<p>Doprava: auto vys\u00edlaj\u00edc\u00ed organizace, MHD<\/p>\n\n\n\n<p>Na st\u00e1\u017ei bude p\u0159\u00edtomen doprovodn\u00fd pedagog<\/p>\n\n\n\n<p>Odbornou st\u00e1\u017e bude zaji\u0161\u0165ovat Landesfeuerwehr- und Katastrophenschutzschule Sachsen.&nbsp;<a href=\"http:\/\/www.lfs.sachsen.de\/\">www.lfs.sachsen.de<\/a><\/p>\n","protected":false},"excerpt":{"rendered":"<p>2024-1-CZ01-KA121-VET-000205555 V&nbsp;r\u00e1mci programu Erasmus+ nab\u00edz\u00edme \u017e\u00e1k\u016fm \u010dtvrt\u00fdch ro\u010dn\u00edk\u016f maturitn\u00edho oboru \u201eStrojn\u00edk po\u017e\u00e1rn\u00ed techniky\u201c mo\u017enost vycestovat na pracovn\u00ed st\u00e1\u017e do n\u011bmeck\u00e9ho m\u011bsta Nardt. St\u00e1\u017e se uskute\u010dn\u00ed 7.\u00a010.\u00a02024 \u2013 18.\u00a010.\u00a02024 a bude pln\u011b hrazena z\u00a0programu Erasmus+. C\u00edlov\u00e1 skupina \u017d\u00e1ci \u010dtvrt\u00e9ho ro\u010dn\u00edku maturitn\u00edho oboru Strojn\u00edk po\u017e\u00e1rn\u00ed techniky. V\u00fdb\u011br \u00fa\u010dastn\u00edk\u016f: V\u00fdb\u011br \u017e\u00e1k\u016f provede v\u00fdb\u011brov\u00e1 komise slo\u017een\u00e1 z&nbsp;t\u0159\u00eddn\u00edho u\u010ditele, u\u010ditel\u016f&hellip; <br \/> <a class=\"read-more\" href=\"https:\/\/www.esoz-projekty.cz\/?page_id=1407\">V\u00edce<\/a><\/p>\n","protected":false},"author":3,"featured_media":0,"parent":0,"menu_order":0,"comment_status":"closed","ping_status":"closed","template":"","meta":[],"_links":{"self":[{"href":"https:\/\/www.esoz-projekty.cz\/index.php?rest_route=\/wp\/v2\/pages\/1407"}],"collection":[{"href":"https:\/\/www.esoz-projekty.cz\/index.php?rest_route=\/wp\/v2\/pages"}],"about":[{"href":"https:\/\/www.esoz-projekty.cz\/index.php?rest_route=\/wp\/v2\/types\/page"}],"author":[{"embeddable":true,"href":"https:\/\/www.esoz-projekty.cz\/index.php?rest_route=\/wp\/v2\/users\/3"}],"replies":[{"embeddable":true,"href":"https:\/\/www.esoz-projekty.cz\/index.php?rest_route=%2Fwp%2Fv2%2Fcomments&post=1407"}],"version-history":[{"count":1,"href":"https:\/\/www.esoz-projekty.cz\/index.php?rest_route=\/wp\/v2\/pages\/1407\/revisions"}],"predecessor-version":[{"id":1408,"href":"https:\/\/www.esoz-projekty.cz\/index.php?rest_route=\/wp\/v2\/pages\/1407\/revisions\/1408"}],"wp:attachment":[{"href":"https:\/\/www.esoz-projekty.cz\/index.php?rest_route=%2Fwp%2Fv2%2Fmedia&parent=1407"}],"curies":[{"name":"wp","href":"https:\/\/api.w.org\/{rel}","templated":true}]}}