{"id":1441,"date":"2025-02-03T12:58:20","date_gmt":"2025-02-03T14:58:20","guid":{"rendered":"https:\/\/www.esoz-projekty.cz\/?page_id=1441"},"modified":"2025-02-03T13:01:45","modified_gmt":"2025-02-03T15:01:45","slug":"remeslne-dny","status":"publish","type":"page","link":"https:\/\/www.esoz-projekty.cz\/?page_id=1441","title":{"rendered":"\u0158emesln\u00e9 dny"},"content":{"rendered":"\n<p>Z\u00e1kladn\u00ed \u0161koly v&nbsp;\u00dasteck\u00e9m kraji zveme k&nbsp;n\u00e1v\u0161t\u011bv\u011b na\u0161\u00ed \u0161koly v&nbsp;r\u00e1mci&nbsp;<strong>\u0158emesln\u00fdch dn\u016f<\/strong>. Tato vzd\u011bl\u00e1vac\u00ed akce umo\u017en\u00ed \u017e\u00e1k\u016fm z\u00e1kladn\u00edch \u0161kol vyzkou\u0161et si r\u016fzn\u00e9 technick\u00e9 profese a l\u00e9pe se sezn\u00e1mit s&nbsp;jejich n\u00e1pln\u00ed.<strong>Jak \u0158emesln\u00fd den prob\u00edh\u00e1?<\/strong>Akce je vedena pedagogy st\u0159edn\u00ed \u0161koly a je koncipov\u00e1na tak, aby si \u017e\u00e1ci mohli&nbsp;<strong>prakticky vyzkou\u0161et \u010dinnosti jednotliv\u00fdch \u0159emesel<\/strong>. Budou m\u00edt mo\u017enost se v\u017e\u00edt do rol\u00ed odborn\u00edk\u016f v&nbsp;oborech, jako jsou:<\/p>\n\n\n\n<ul><li>elektrik\u00e1\u0159,<\/li><li>mechanik elektrotechnik,<\/li><li>instalat\u00e9r,<\/li><li>truhl\u00e1\u0159,<\/li><li>tesa\u0159,<\/li><li>zedn\u00edk,<\/li><li>strojn\u00ed mechanik.<\/li><\/ul>\n\n\n\n<p>Ka\u017ed\u00fd \u0158emesln\u00fd den prob\u00edh\u00e1\u00a0<strong>prezen\u010dn\u011b a trv\u00e1 minim\u00e1ln\u011b 4 vyu\u010dovac\u00ed hodiny<\/strong>. Program m\u016f\u017ee b\u00fdt rozd\u011blen do jednoho souvisl\u00e9ho bloku nebo v\u00edce krat\u0161\u00edch \u010d\u00e1st\u00ed. Stejn\u00e1 skupina \u017e\u00e1k\u016f absolvuje celou akci, b\u011bhem kter\u00e9 se m\u016f\u017ee sezn\u00e1mit s&nbsp;v\u00edce obory. Setk\u00e1n\u00ed je v\u017edy p\u0159ipravov\u00e1no se z\u00e1kladn\u00ed \u0161kolou na m\u00edru.<\/p>\n\n\n\n<p>\u00a0<strong>Pro\u010d se z\u00fa\u010dastnit?<\/strong> C\u00edlem \u0158emesln\u00fdch dn\u016f je p\u0159ibl\u00ed\u017eit \u017e\u00e1k\u016fm z\u00e1kladn\u00edch \u0161kol p\u0159edev\u0161\u00edm technick\u00e9 obory, uk\u00e1zat jim prost\u0159ed\u00ed st\u0159edn\u00edch \u0161kol a umo\u017enit jim z\u00edskat prvn\u00ed praktick\u00e9 zku\u0161enosti. Akce z\u00e1rove\u0148 podporuje \u0161koly a obory, kter\u00e9 jsou na trhu pr\u00e1ce velmi \u017e\u00e1dan\u00e9, ale jejich kapacity nejsou v\u017edy pln\u011b vyu\u017eity. <\/p>\n\n\n\n<p><strong>Jak se p\u0159ihl\u00e1sit?<\/strong> V&nbsp;p\u0159\u00edpad\u011b z\u00e1jmu n\u00e1s kontaktujte na e-mailu\u00a0<strong>blanka.hvozdova@esoz.cz<\/strong>.<\/p>\n\n\n\n<p><strong>Kdo za akc\u00ed stoj\u00ed?<\/strong> \u0158emesln\u00e9 dny jsou realizov\u00e1ny ve spolupr\u00e1ci s\u00a0<strong>\u00dasteck\u00fdm krajem,\u00a0<\/strong>\u00a0kter\u00fd je nositelem projektu a 11 st\u0159edn\u00edmi \u0161kolami. Tyto \u0161koly aktivn\u011b podporuj\u00ed popularizaci \u0159emesln\u00fdch profes\u00ed a usiluj\u00ed o motivaci \u017e\u00e1k\u016f ke studiu perspektivn\u00edch obor\u016f, kter\u00e9 maj\u00ed\u00a0<strong>vysokou uplatnitelnost na trhu pr\u00e1ce<\/strong>.<\/p>\n\n\n\n<figure class=\"wp-block-gallery has-nested-images columns-default is-cropped\">\n<figure class=\"wp-block-image size-large\"><img loading=\"lazy\" width=\"1024\" height=\"724\" data-id=\"1444\"  src=\"https:\/\/www.esoz-projekty.cz\/wp-content\/uploads\/2025\/02\/PlakatA3-page-001-1-1024x724.jpg\" alt=\"\" class=\"wp-image-1444\" srcset=\"https:\/\/www.esoz-projekty.cz\/wp-content\/uploads\/2025\/02\/PlakatA3-page-001-1-1024x724.jpg 1024w, https:\/\/www.esoz-projekty.cz\/wp-content\/uploads\/2025\/02\/PlakatA3-page-001-1-300x212.jpg 300w, https:\/\/www.esoz-projekty.cz\/wp-content\/uploads\/2025\/02\/PlakatA3-page-001-1-768x543.jpg 768w, https:\/\/www.esoz-projekty.cz\/wp-content\/uploads\/2025\/02\/PlakatA3-page-001-1-1536x1086.jpg 1536w, https:\/\/www.esoz-projekty.cz\/wp-content\/uploads\/2025\/02\/PlakatA3-page-001-1-2048x1448.jpg 2048w, https:\/\/www.esoz-projekty.cz\/wp-content\/uploads\/2025\/02\/PlakatA3-page-001-1-1527x1080.jpg 1527w\" sizes=\"(max-width: 1024px) 100vw, 1024px\" \/><\/figure>\n<\/figure>\n\n\n\n<p><\/p>\n","protected":false},"excerpt":{"rendered":"<p>Z\u00e1kladn\u00ed \u0161koly v&nbsp;\u00dasteck\u00e9m kraji zveme k&nbsp;n\u00e1v\u0161t\u011bv\u011b na\u0161\u00ed \u0161koly v&nbsp;r\u00e1mci&nbsp;\u0158emesln\u00fdch dn\u016f. Tato vzd\u011bl\u00e1vac\u00ed akce umo\u017en\u00ed \u017e\u00e1k\u016fm z\u00e1kladn\u00edch \u0161kol vyzkou\u0161et si r\u016fzn\u00e9 technick\u00e9 profese a l\u00e9pe se sezn\u00e1mit s&nbsp;jejich n\u00e1pln\u00ed.Jak \u0158emesln\u00fd den prob\u00edh\u00e1?Akce je vedena pedagogy st\u0159edn\u00ed \u0161koly a je koncipov\u00e1na tak, aby si \u017e\u00e1ci mohli&nbsp;prakticky vyzkou\u0161et \u010dinnosti jednotliv\u00fdch \u0159emesel. Budou m\u00edt mo\u017enost se v\u017e\u00edt do rol\u00ed&hellip; <br \/> <a class=\"read-more\" href=\"https:\/\/www.esoz-projekty.cz\/?page_id=1441\">V\u00edce<\/a><\/p>\n","protected":false},"author":3,"featured_media":0,"parent":1278,"menu_order":0,"comment_status":"closed","ping_status":"closed","template":"","meta":[],"_links":{"self":[{"href":"https:\/\/www.esoz-projekty.cz\/index.php?rest_route=\/wp\/v2\/pages\/1441"}],"collection":[{"href":"https:\/\/www.esoz-projekty.cz\/index.php?rest_route=\/wp\/v2\/pages"}],"about":[{"href":"https:\/\/www.esoz-projekty.cz\/index.php?rest_route=\/wp\/v2\/types\/page"}],"author":[{"embeddable":true,"href":"https:\/\/www.esoz-projekty.cz\/index.php?rest_route=\/wp\/v2\/users\/3"}],"replies":[{"embeddable":true,"href":"https:\/\/www.esoz-projekty.cz\/index.php?rest_route=%2Fwp%2Fv2%2Fcomments&post=1441"}],"version-history":[{"count":3,"href":"https:\/\/www.esoz-projekty.cz\/index.php?rest_route=\/wp\/v2\/pages\/1441\/revisions"}],"predecessor-version":[{"id":1446,"href":"https:\/\/www.esoz-projekty.cz\/index.php?rest_route=\/wp\/v2\/pages\/1441\/revisions\/1446"}],"up":[{"embeddable":true,"href":"https:\/\/www.esoz-projekty.cz\/index.php?rest_route=\/wp\/v2\/pages\/1278"}],"wp:attachment":[{"href":"https:\/\/www.esoz-projekty.cz\/index.php?rest_route=%2Fwp%2Fv2%2Fmedia&parent=1441"}],"curies":[{"name":"wp","href":"https:\/\/api.w.org\/{rel}","templated":true}]}}

Řemeslné dny

<p>Základní školy v&nbsp;Ústeckém kraji zveme k&nbsp;návštěvě naší školy v&nbsp;rámci&nbsp;<strong>Řemeslných dnů</strong>. Tato vzdělávací akce umožní žákům základních škol vyzkoušet si různé technické profese a lépe se seznámit s&nbsp;jejich náplní.<strong>Jak Řemeslný den probíhá?</strong>Akce je vedena pedagogy střední školy a je koncipována tak, aby si žáci mohli&nbsp;<strong>prakticky vyzkoušet činnosti jednotlivých řemesel</strong>. Budou mít možnost se vžít do rolí odborníků v&nbsp;oborech, jako jsou:</p>



<ul><li>elektrikář,</li><li>mechanik elektrotechnik,</li><li>instalatér,</li><li>truhlář,</li><li>tesař,</li><li>zedník,</li><li>strojní mechanik.</li></ul>



<p>Každý Řemeslný den probíhá <strong>prezenčně a trvá minimálně 4 vyučovací hodiny</strong>. Program může být rozdělen do jednoho souvislého bloku nebo více kratších částí. Stejná skupina žáků absolvuje celou akci, během které se může seznámit s&nbsp;více obory. Setkání je vždy připravováno se základní školou na míru.</p>



<p> <strong>Proč se zúčastnit?</strong> Cílem Řemeslných dnů je přiblížit žákům základních škol především technické obory, ukázat jim prostředí středních škol a umožnit jim získat první praktické zkušenosti. Akce zároveň podporuje školy a obory, které jsou na trhu práce velmi žádané, ale jejich kapacity nejsou vždy plně využity. </p>



<p><strong>Jak se přihlásit?</strong> V&nbsp;případě zájmu nás kontaktujte na e-mailu <strong>blanka.hvozdova@esoz.cz</strong>.</p>



<p><strong>Kdo za akcí stojí?</strong> Řemeslné dny jsou realizovány ve spolupráci s <strong>Ústeckým krajem, </strong> který je nositelem projektu a 11 středními školami. Tyto školy aktivně podporují popularizaci řemeslných profesí a usilují o motivaci žáků ke studiu perspektivních oborů, které mají <strong>vysokou uplatnitelnost na trhu práce</strong>.</p>



<figure class="wp-block-gallery has-nested-images columns-default is-cropped">
<figure class="wp-block-image size-large"><img loading="lazy" width="1024" height="724" data-id="1444"  src="https://www.esoz-projekty.cz/wp-content/uploads/2025/02/PlakatA3-page-001-1-1024x724.jpg" alt="" class="wp-image-1444" srcset="https://www.esoz-projekty.cz/wp-content/uploads/2025/02/PlakatA3-page-001-1-1024x724.jpg 1024w, https://www.esoz-projekty.cz/wp-content/uploads/2025/02/PlakatA3-page-001-1-300x212.jpg 300w, https://www.esoz-projekty.cz/wp-content/uploads/2025/02/PlakatA3-page-001-1-768x543.jpg 768w, https://www.esoz-projekty.cz/wp-content/uploads/2025/02/PlakatA3-page-001-1-1536x1086.jpg 1536w, https://www.esoz-projekty.cz/wp-content/uploads/2025/02/PlakatA3-page-001-1-2048x1448.jpg 2048w, https://www.esoz-projekty.cz/wp-content/uploads/2025/02/PlakatA3-page-001-1-1527x1080.jpg 1527w" sizes="(max-width: 1024px) 100vw, 1024px" /></figure>
</figure>



<p></p>

<p>Základní školy v&nbsp;Ústeckém kraji zveme k&nbsp;návštěvě naší školy v&nbsp;rámci&nbsp;Řemeslných dnů. Tato vzdělávací akce umožní žákům základních škol vyzkoušet si různé technické profese a lépe se seznámit s&nbsp;jejich náplní.Jak Řemeslný den probíhá?Akce je vedena pedagogy střední školy a je koncipována tak, aby si žáci mohli&nbsp;prakticky vyzkoušet činnosti jednotlivých řemesel. Budou mít možnost se vžít do rolí&hellip; <br /> <a class="read-more" href="https://www.esoz-projekty.cz/?page_id=1441">Více</a></p>
