{"id":169,"date":"2018-02-16T15:54:35","date_gmt":"2018-02-16T14:54:35","guid":{"rendered":"http:\/\/www.esoz-projekty.cz\/?page_id=169"},"modified":"2018-02-21T10:33:16","modified_gmt":"2018-02-21T09:33:16","slug":"169-2","status":"publish","type":"page","link":"https:\/\/www.esoz-projekty.cz\/?page_id=169","title":{"rendered":"Kompetence"},"content":{"rendered":"<h1><img loading=\"lazy\" class=\"alignnone size-medium wp-image-111\" src=\"http:\/\/www.esoz-projekty.cz\/wp-content\/uploads\/2018\/02\/Erasmus-300x65.jpg\" alt=\"\" width=\"300\" height=\"65\" srcset=\"https:\/\/www.esoz-projekty.cz\/wp-content\/uploads\/2018\/02\/Erasmus-300x65.jpg 300w, https:\/\/www.esoz-projekty.cz\/wp-content\/uploads\/2018\/02\/Erasmus-768x166.jpg 768w, https:\/\/www.esoz-projekty.cz\/wp-content\/uploads\/2018\/02\/Erasmus.jpg 800w\" sizes=\"(max-width: 300px) 100vw, 300px\" \/><\/h1>\n<h1>Zv\u00fd\u0161en\u00ed jazykov\u00fdch kompetenc\u00ed pracovn\u00edk\u016f ESOZ<\/h1>\n<p>1.&nbsp;6.&nbsp;2017\u00a0\u00a0&#8211; 30.&nbsp;9.&nbsp;2018<\/p>\n<p>2017-1-CZ01-KA101-034845<\/p>\n<p>Specifick\u00fdm c\u00edlem strategie je udr\u017eet, prohloubit a zv\u00fd\u0161it sou\u010dasnou kvalifikaci pracovn\u00edk\u016f organizace, kte\u0159\u00ed p\u016fsob\u00ed ve veden\u00ed \u0161koly a v&nbsp;poradn\u00edch org\u00e1nech \u0161koly. Pln\u011bn\u00ed tohoto specifick\u00e9ho c\u00edle se prom\u00edtne v&nbsp;kvalitn\u011bj\u0161\u00ed pr\u00e1ci s&nbsp;\u017e\u00e1ky s&nbsp;aplikac\u00ed nov\u00fdch metod vzd\u011bl\u00e1v\u00e1n\u00ed. Organizace m\u00e1 vytvo\u0159eno funk\u010dn\u00ed soci\u00e1ln\u00ed partnerstv\u00ed, a to jak se z\u0159izovateli z\u00e1kladn\u00edch \u0161kol, vysok\u00fdmi \u0161kolami, \u00da\u0159ady pr\u00e1ce, zam\u011bstnavateli. Z\u00edskan\u00e9 znalosti a zku\u0161enosti budou d\u00e1le p\u0159en\u00e1\u0161et na tyto partnery, posilovat s\u00ed\u0165ov\u00e1n\u00ed.<\/p>\n<p>V projektu budou realizov\u00e1ny dv\u011b aktivity:<\/p>\n<ol>\n<li>jazykov\u00e9 kurzy pro 5 pracovn\u00edk\u016f \u0161koly, z&nbsp;toho 4 pedagogick\u00e9<\/li>\n<li>st\u00ednov\u00e1n\u00ed v&nbsp;partnersk\u00fdch organizac\u00edch ve Finsku a v&nbsp;Polsku<\/li>\n<\/ol>\n<p>Jazykov\u00fdch kurz\u016f se z\u00fa\u010dastn\u00ed 5 u\u010ditel\u016f, kte\u0159\u00ed jsou na funkc\u00edch p\u0159edsed\u016f p\u0159edm\u011btov\u00fdch komis\u00ed, kari\u00e9rov\u00fdch a v\u00fdchovn\u00fdch poradc\u016f.<\/p>\n<p>St\u00ednov\u00e1n\u00ed ve Finsku se bude \u00fa\u010dastnit u\u010ditel angli\u010dtiny. St\u00ednov\u00e1n\u00ed v&nbsp;Polsku metodik prevence a u\u010ditel na Obchodn\u00ed akademii. C\u00edlem st\u00ednov\u00e1n\u00ed je p\u0159enos dobr\u00e9 praxe od p\u0159ij\u00edmaj\u00edc\u00edch organizac\u00ed a to jak ve v\u00fduce ciz\u00edch jazyk\u016f, tak i v&nbsp;p\u0159\u00edstupech k&nbsp;\u017e\u00e1k\u016fm, v\u00fdchovn\u00e9 a kari\u00e9rov\u00e9 poradenstv\u00ed. D\u00e1le tak\u00e9 z\u00edsk\u00e1n\u00ed dovednost\u00ed v&nbsp;oblasti odborn\u00e9 angli\u010dtiny a jej\u00ed za\u010dlen\u011bn\u00ed do \u00fastn\u00edch maturitn\u00edch zkou\u0161ek.<\/p>\n<h2>A1 &#8211; Jazykov\u00e9 kurzy v&nbsp;zahrani\u010d\u00ed<\/h2>\n<p>Ka\u017ed\u00fd kurz bude p\u0159ipraven individu\u00e1ln\u011b dle zam\u011b\u0159en\u00ed jednotliv\u00fdch \u00fa\u010dastn\u00edk\u016f s&nbsp;t\u00edm, \u017ee se bude skl\u00e1dat z&nbsp;obecn\u00e9ho jazyka a odborn\u00e9ho.<\/p>\n<p>Ostatn\u00ed kurzy se uskute\u010dn\u00ed v&nbsp;pr\u016fb\u011bhu letn\u00edch pr\u00e1zdnin 2018 z&nbsp;d\u016fvodu problematick\u00e9ho uvol\u0148ov\u00e1n\u00ed pedagog\u016f v&nbsp;r\u00e1mci \u0161koln\u00edho roku.<\/p>\n<h2>A2 St\u00ednov\u00e1n\u00ed<\/h2>\n<p>St\u00ednov\u00e1n\u00ed prob\u011bhne na dvou partnersk\u00fdch \u0161kol\u00e1ch, a to ve Finsku a Polsku. Oba partne\u0159i jsou st\u0159edn\u00ed odborn\u00e9 \u0161koly a maj\u00ed \u010d\u00e1st obor\u016f shodn\u00fdch s&nbsp;n\u00e1mi. Maj\u00ed i odborn\u00e9 vzd\u011bl\u00e1v\u00e1n\u00ed v&nbsp;ciz\u00edch jazyc\u00edch a v\u00edce zapojen\u00fdch u\u010ditel\u016f a \u017e\u00e1k\u016f v&nbsp;mezin\u00e1rodn\u00edch projektech.<\/p>\n<p>T\u011bmito aktivitami se chceme zam\u011b\u0159it p\u0159edev\u0161\u00edm na pos\u00edlen\u00ed jazykov\u00fdch kompetenc\u00ed kl\u00ed\u010dov\u00fdch osob v&nbsp;organizaci a p\u0159enos dobr\u00e9 praxe do v\u00fduky a p\u0159\u00edpravy projekt\u016f, propagace a dal\u0161\u00edho vzd\u011bl\u00e1v\u00e1n\u00ed, jako\u017e i volno\u010dasov\u00e9ho programu \u017e\u00e1k\u016f.<\/p>\n<hr \/>\n<h3>Finsk\u00fd partner:<\/h3>\n<p><a href=\"https:\/\/www.kao.fi\/\">Kainuu Vocational College<\/a><\/p>\n<p><img loading=\"lazy\" class=\"alignleft wp-image-170 size-full\" src=\"http:\/\/www.esoz-projekty.cz\/wp-content\/uploads\/2018\/02\/logoFINOVE.png\" alt=\"\" width=\"220\" height=\"80\" \/>Samotn\u00e1 \u0161kola se d\u011bl\u00ed na dv\u011b \u010d\u00e1sti, kter\u00e9 jsou situov\u00e1ny i v&nbsp;jin\u00fdch oblastech\u2013 Siikaranta a Karhulanvaara, m\u00e1 asi 300 \u017e\u00e1k\u016f.<\/p>\n<p>&nbsp;<\/p>\n<p>Studijn\u00ed obory:<\/p>\n<ol>\n<li>Zdravotnictv\u00ed a soci\u00e1ln\u00ed sektor \u2013 zdravotn\u00ed sestra, asistent ve vzd\u011bl\u00e1vac\u00edch instituc\u00edch, \u0161koln\u00ed asistent<\/li>\n<li>Cestovn\u00edho ruch a ekonomie \u2013 hotelnictv\u00ed, kucha\u0159 a \u010d\u00ed\u0161n\u00edk, servis v&nbsp;oblasti \u00faklidov\u00fdch prac\u00ed<\/li>\n<li>Technologie \u2013 stroj\u00edrenstv\u00ed, elektrotechnika, elektronika, telekomunika\u010dn\u00ed technologie<\/li>\n<\/ol>\n<p id=\"lsiekf\">\n\u0160kola m\u00e1 bohatou zku\u0161enost s&nbsp;mezin\u00e1rodn\u00ed spoluprac\u00ed, nap\u0159. s&nbsp;Japonskem, \u010cR a dal\u0161\u00edmi st\u00e1ty EU. Pro na\u0161e projektov\u00e9 z\u00e1m\u011bry dok\u00e1\u017ee poskytnout vhodn\u00e9 podm\u00ednky po str\u00e1nce teoretick\u00e9 i praktick\u00e9. Poskytuje vzd\u011bl\u00e1v\u00e1n\u00ed jak v&nbsp;denn\u00edm studiu, tak <a href=\"http:\/\/www.replikyhodinekme.com\/\">repliky hodinek<\/a> i prost\u0159ednictv\u00edm e-learningov\u00e9ho vzd\u011bl\u00e1v\u00e1n\u00ed. <\/p>\n<p><em>Mgr. Hana \u0160\u0165astn\u00e1<\/em><\/p>\n<h3>Polsk\u00fd partner<\/h3>\n<p><a href=\"http:\/\/www.zsl-13.pl\/\">Zesp\u00f3l Szk\u00f3l Licealnych<\/a> w Moragu, 14-300MORAG, ul. 11.Listopada 7<\/p>\n<p><img loading=\"lazy\" class=\"alignleft wp-image-141\" src=\"http:\/\/www.esoz-projekty.cz\/wp-content\/uploads\/2018\/02\/logo-szko\u0142y-300x132.jpg\" alt=\"\" width=\"216\" height=\"95\" srcset=\"https:\/\/www.esoz-projekty.cz\/wp-content\/uploads\/2018\/02\/logo-szko\u0142y-300x132.jpg 300w, https:\/\/www.esoz-projekty.cz\/wp-content\/uploads\/2018\/02\/logo-szko\u0142y-768x337.jpg 768w, https:\/\/www.esoz-projekty.cz\/wp-content\/uploads\/2018\/02\/logo-szko\u0142y.jpg 933w\" sizes=\"(max-width: 216px) 100vw, 216px\" \/>St\u0159edn\u00ed odborn\u00e1 \u0161kola technick\u00e1 a lyceum.<\/p>\n<p>\u0160kola vzd\u011bl\u00e1v\u00e1 cca 400 \u017e\u00e1k\u016f. Ve \u0161kole jsou tak\u00e9 vzd\u011bl\u00e1v\u00e1ni \u017e\u00e1ci s&nbsp;vrozen\u00fdmi i z\u00edskan\u00fdmi vadami nap\u0159. \u017e\u00e1ci se specifick\u00fdmi poruchami u\u010den\u00ed, s&nbsp;ment\u00e1ln\u00edmi, t\u011blesn\u00fdmi i smyslov\u00fdmi vadami. Tito \u017e\u00e1ci maj\u00ed vytvo\u0159en\u00fd individu\u00e1ln\u00ed vzd\u011bl\u00e1vac\u00ed program a je jim poskytov\u00e1v\u00e1na individu\u00e1ln\u00ed v\u00fduka. Pracuje zde v\u00fdchovn\u00fd a kari\u00e9rov\u00fd poradce. <em>Mgr. Marek Kowalski<\/em><\/p>\n<h3>Anglick\u00fd partner<\/h3>\n<p><img loading=\"lazy\" class=\"alignleft wp-image-361 size-full\" src=\"http:\/\/www.esoz-projekty.cz\/wp-content\/uploads\/2018\/02\/0aa6e8_abac88136cf2475ab3c0fb39993adb61.jpg\" alt=\"\" width=\"103\" height=\"53\" \/><a href=\"http:\/\/www.sg-cc.com\/about\">St. George&#8217;s&nbsp;School of English<\/a>, Revenue Chambers Building 58C Chapel Road, Worthing, West Sussex BN11&nbsp;1BG<\/p>\n","protected":false},"excerpt":{"rendered":"<p>Zv\u00fd\u0161en\u00ed jazykov\u00fdch kompetenc\u00ed pracovn\u00edk\u016f ESOZ 1.&nbsp;6.&nbsp;2017\u00a0\u00a0&#8211; 30.&nbsp;9.&nbsp;2018&nbsp;2017-1-CZ01-KA101-034845 Specifick\u00fdm c\u00edlem strategie je udr\u017eet, prohloubit a zv\u00fd\u0161it sou\u010dasnou kvalifikaci pracovn\u00edk\u016f organizace, kte\u0159\u00ed p\u016fsob\u00ed ve veden\u00ed \u0161koly a v&nbsp;poradn\u00edch org\u00e1nech \u0161koly. Pln\u011bn\u00ed tohoto specifick\u00e9ho c\u00edle se prom\u00edtne v&nbsp;kvalitn\u011bj\u0161\u00ed pr\u00e1ci s&nbsp;\u017e\u00e1ky s&nbsp;aplikac\u00ed nov\u00fdch metod vzd\u011bl\u00e1v\u00e1n\u00ed. Organizace m\u00e1 vytvo\u0159eno funk\u010dn\u00ed soci\u00e1ln\u00ed partnerstv\u00ed, a to jak se z\u0159izovateli z\u00e1kladn\u00edch \u0161kol,&hellip; <br \/> <a class=\"read-more\" href=\"https:\/\/www.esoz-projekty.cz\/?page_id=169\">V\u00edce<\/a><\/p>\n","protected":false},"author":2,"featured_media":180,"parent":0,"menu_order":0,"comment_status":"closed","ping_status":"closed","template":"","meta":[],"_links":{"self":[{"href":"https:\/\/www.esoz-projekty.cz\/index.php?rest_route=\/wp\/v2\/pages\/169"}],"collection":[{"href":"https:\/\/www.esoz-projekty.cz\/index.php?rest_route=\/wp\/v2\/pages"}],"about":[{"href":"https:\/\/www.esoz-projekty.cz\/index.php?rest_route=\/wp\/v2\/types\/page"}],"author":[{"embeddable":true,"href":"https:\/\/www.esoz-projekty.cz\/index.php?rest_route=\/wp\/v2\/users\/2"}],"replies":[{"embeddable":true,"href":"https:\/\/www.esoz-projekty.cz\/index.php?rest_route=%2Fwp%2Fv2%2Fcomments&post=169"}],"version-history":[{"count":7,"href":"https:\/\/www.esoz-projekty.cz\/index.php?rest_route=\/wp\/v2\/pages\/169\/revisions"}],"predecessor-version":[{"id":362,"href":"https:\/\/www.esoz-projekty.cz\/index.php?rest_route=\/wp\/v2\/pages\/169\/revisions\/362"}],"wp:featuredmedia":[{"embeddable":true,"href":"https:\/\/www.esoz-projekty.cz\/index.php?rest_route=\/wp\/v2\/media\/180"}],"wp:attachment":[{"href":"https:\/\/www.esoz-projekty.cz\/index.php?rest_route=%2Fwp%2Fv2%2Fmedia&parent=169"}],"curies":[{"name":"wp","href":"https:\/\/api.w.org\/{rel}","templated":true}]}}