{"id":269,"date":"2018-02-19T17:03:09","date_gmt":"2018-02-19T16:03:09","guid":{"rendered":"http:\/\/www.esoz-projekty.cz\/?page_id=269"},"modified":"2018-02-21T10:23:29","modified_gmt":"2018-02-21T09:23:29","slug":"hasici-2018","status":"publish","type":"page","link":"https:\/\/www.esoz-projekty.cz\/?page_id=269","title":{"rendered":"Hasi\u010di"},"content":{"rendered":"<p><img loading=\"lazy\" class=\"alignnone wp-image-149\" src=\"http:\/\/www.esoz-projekty.cz\/wp-content\/uploads\/2018\/02\/Emblem_Europaeische_Union_mit_Verweis_Fonds_Farbe-300x64.jpg\" alt=\"\" width=\"350\" height=\"75\" srcset=\"https:\/\/www.esoz-projekty.cz\/wp-content\/uploads\/2018\/02\/Emblem_Europaeische_Union_mit_Verweis_Fonds_Farbe-300x64.jpg 300w, https:\/\/www.esoz-projekty.cz\/wp-content\/uploads\/2018\/02\/Emblem_Europaeische_Union_mit_Verweis_Fonds_Farbe.jpg 584w\" sizes=\"(max-width: 350px) 100vw, 350px\" \/>\u00a0\u00a0 \u00a0\u00a0\u00a0 \u00a0<img loading=\"lazy\" class=\"alignnone wp-image-357\" src=\"http:\/\/www.esoz-projekty.cz\/wp-content\/uploads\/2018\/02\/SNCZ2020-300x215.jpg\" alt=\"\" width=\"112\" height=\"80\" \/>\u00a0\u00a0\u00a0 \u00a0<img loading=\"lazy\" class=\"alignnone wp-image-151\" src=\"http:\/\/www.esoz-projekty.cz\/wp-content\/uploads\/2018\/02\/logo_er.png\" alt=\"\" width=\"180\" height=\"75\" \/><\/p>\n<h2>Hasi\u010di 2018 a digit\u00e1ln\u00ed sv\u011bt\/ Feuerwehrm\u00e4nner\u00a02018 und Digitalwelt<\/h2>\n<p><strong>Registra\u010dn\u00ed \u010d\u00edslo\/Registriernummer:<\/strong> 0419-CZ-15.11.2017<\/p>\n<p><strong>Doba realizace\/Projektzeitraum:<\/strong> 02.01.2018 &#8211; 30.11.2018<\/p>\n<h3>Nositel\/Lead partner:<\/h3>\n<p>St\u0159edn\u00ed odborn\u00e1 \u0161kola energetick\u00e1 a stavebn\u00ed, Obchodn\u00ed akademie a St\u0159edn\u00ed\u00a0zdravotnick\u00e1 \u0161kola, Chomutov, p\u0159\u00edsp\u011bvkov\u00e1 organizace<\/p>\n<h3>Partner\/Partner:<\/h3>\n<h4><a href=\"http:\/\/www.lfs.sachsen.de\/\">Landesfeuerwehr- und Katastrophenschutzschule\u00a0Sachsen<\/a>,\u00a0Sankt-Florian-Weg 1, 02979 Elsterheide,\u00a0Deutschland<\/h4>\n<h3>Popis projektu\/Beschreibung des Projektes<\/h3>\n<p>C\u00edlem projektu je prohloubit spole\u010dn\u00e9 aktivity obou \u0161kol, kter\u00e9 p\u0159ipravuj\u00ed budouc\u00ed\u00a0odborn\u00edky v&nbsp;oblasti po\u017e\u00e1rn\u00ed ochrany. Dal\u0161\u00edm c\u00edlem je roz\u0161\u00ed\u0159en\u00ed pov\u011bdom\u00ed o nov\u00fdch\u00a0trendech p\u0159i z\u00e1saz\u00edch, technice a vyu\u017eit\u00ed modern\u00edch technologi\u00ed.<\/p>\n<p>Na za\u010d\u00e1tku projektu prob\u011bhne p\u0159\u00edprava p\u0159edn\u00e1\u0161ky u Lead partnera k&nbsp;p\u0159edstaven\u00ed\u00a0aplikace vyvinut\u00e9 v&nbsp;Sasku (obsahuje jak v\u0161eobecn\u00e9 informace pot\u0159ebn\u00e9 p\u0159i\u00a0z\u00e1sahu, tak specifick\u00e9 \u2013 nap\u0159. na z\u00e1klad\u011b n\u011bmeck\u00e9 SPZ p\u0159ijde do tabletu\u00a0informace, kde je mo\u017en\u00e9 v\u016fz rozst\u0159\u00edhat a zachr\u00e1nit osoby, p\u0159\u00edstupy k&nbsp;\u017eelezni\u010dn\u00edm\u00a0trat\u00edm, rozm\u00edst\u011bn\u00ed hydrant\u016f v&nbsp;p\u0159\u00edhrani\u010d\u00ed, apod.). P\u0159edn\u00e1\u0161ky se z\u00fa\u010dastn\u00ed odborn\u00e1\u00a0ve\u0159ejnost z&nbsp;\u00dasteck\u00e9ho kraje a z\u00e1stupci nositele projektu. P\u0159edn\u00e1\u0161ej\u00edc\u00ed se d\u00e1le\u00a0sezn\u00e1m\u00ed s&nbsp;\u017e\u00e1ky \u0161koly, ze kter\u00fdch se budou vyb\u00edrat \u00fa\u010dastn\u00edci st\u00e1\u017ee.<br \/>\nV&nbsp;soub\u011bhu s&nbsp;touto st\u00e1\u017e\u00ed bude prob\u00edhat v\u00fdb\u011br \u017e\u00e1k\u016f pro st\u00e1\u017e. \u017d\u00e1ci si vypracuj\u00ed\u00a0motiva\u010dn\u00ed dopisy. Tyto dopisy budou odesl\u00e1ny k&nbsp;n\u011bmeck\u00e9mu partnerovi, kter\u00fd\u00a0na jejich z\u00e1klad\u011b m\u016f\u017ee ovlivnit v\u00fdb\u011br \u017e\u00e1k\u016f.\u00a0N\u00e1sledn\u011b prob\u011bhne st\u00e1\u017e 16 \u010desk\u00fdch \u017e\u00e1k\u016f a 2 pedagog\u016f. V&nbsp;r\u00e1mci t\u011bchto dvou\u00a0t\u00fddn\u016f prob\u011bhne spole\u010dn\u00e1 v\u00fduka (u vhodn\u00fdch t\u00e9mat) a p\u0159edn\u00e1\u0161ka \u010desk\u00e9ho\u00a0lektora.<\/p>\n<p>Po ukon\u010den\u00ed st\u00e1\u017ee prob\u011bhne dvoudenn\u00ed vyhodnocovac\u00ed setk\u00e1n\u00ed u Lead partnera\u00a0za \u00fa\u010dasti odborn\u00e9 ve\u0159ejnosti. Z\u00e1stupci n\u011bmeck\u00e9ho partnera a Ministerstva vnitra\u00a0Saska se setkaj\u00ed jak s&nbsp;\u00fa\u010dastn\u00edky st\u00e1\u017ee, tak jejich spolu\u017e\u00e1ky v&nbsp;kr\u00e1tk\u00e9 diskusi.<\/p>\n<p>\u00da\u010dastn\u00edci st\u00e1\u017ee obdr\u017e\u00ed Europass mobility, kde bude potvrzena jejich praktick\u00e1\u00a0p\u0159\u00edprava a bude slou\u017eit st\u00e1vaj\u00edc\u00edm \u010di budouc\u00edm zam\u011bstnavatel\u016fm jako podklad o\u00a0jejich znalostech a dovednostech.<\/p>\n<hr \/>\n<p>Ziel des Projekts ist die Vertiefung der gemeinsamen Aktivit\u00e4ten beider Schulen,\u00a0die die zuk\u00fcnftigen Fachkr\u00e4fte auf dem Gebiet des Brandschutzes vorbereiten.\u00a0Ein weiteres Ziel ist die Erweiterung des Bewusstseins von neuen Trends bei\u00a0Eins\u00e4tzen, in der Technik und der Ausnutzung neuer Technologien.<\/p>\n<p>Zu Beginn des Projekts findet die Vorbereitung eines Vortrags beim Lead-Partner\u00a0zwecks der in Sachsen entwickelten Applikationsvorstellung statt (enth\u00e4lt\u00a0sowohl allgemeine f\u00fcr einen Einsatz notwendige, als auch spezifische\u00a0Informationen \u2013 z.B.: laut deutschem Kraftfahrzeugkennzeichen erh\u00e4lt man per\u00a0Tablett die Information, wo es m\u00f6glich ist, das Kraftfahrzeug zu schneiden und\u00a0Personen zu retten, den Zugang zu Eisenbahnstrecken, die Verteilung von\u00a0Hydranten im Grenzgebiet u.a.). An der Vortr\u00e4gen nehmen die Fach\u00f6ffentlichkeit\u00a0des Bezirkes \u00dast\u00ed und Vertreter der Tr\u00e4gerprojekte teil.<\/p>\n<p>Der Vortragende lernt\u00a0gleichzeitig die Sch\u00fcler der Schule kennen, von denen die Teilnehmer des\u00a0Projekts ausgew\u00e4hlt werden. Im Gleichlauf findet die Auswahl der Sch\u00fcler f\u00fcr\u00a0das Praktikum statt. Die Sch\u00fcler erarbeiten Bewerbungsschreiben. Diese\u00a0Schreiben werden an den deutschen Partner geschickt, der auf deren Grundlage\u00a0die Auswahl beeinflussen kann. Anschlie\u00dfend findet das Praktikum von 16\u00a0tschechischen Sch\u00fclern und 2 P\u00e4dagogen statt. Im Rahmen dieser 2 Wochen\u00a0findet gemeinsamer Unterricht (zu geeigneten Themen) und eine Vorlesung des\u00a0tschechischen Lektoren statt. Nach Beendigung des Praktikums erfolgt ein\u00a0zweit\u00e4giges Auswertungstreffen beim Lead-Partner mit Teilnahme der Fach\u00d6ffentlichkeit.\u00a0Die Vertreter des deutschen Partners und des Innenministeriums<br \/>\nSachsen treffen sich sowie mit den Praktikumsteilnehmern als auch mit deren\u00a0Mitsch\u00fclern zu einer kurzen Diskussion. Die Praktikumsteilnehmer erhalten den\u00a0Europass &#8211; Mobilit\u00e4t, in dem die praktische Vorbereitung best\u00e4tigt wird und der\u00a0dem best\u00e4ndigen bzw. zuk\u00fcnftigen Arbeitgeber als Grundlage ihrer Kenntnisse\u00a0und F\u00e4higkeiten dienen wird.<\/p>\n","protected":false},"excerpt":{"rendered":"<p>\u00a0\u00a0 \u00a0\u00a0\u00a0 \u00a0\u00a0\u00a0\u00a0 \u00a0 Hasi\u010di 2018 a digit\u00e1ln\u00ed sv\u011bt\/ Feuerwehrm\u00e4nner\u00a02018 und Digitalwelt Registra\u010dn\u00ed \u010d\u00edslo\/Registriernummer: 0419-CZ-15.11.2017 Doba realizace\/Projektzeitraum: 02.01.2018 &#8211; 30.11.2018 Nositel\/Lead partner: St\u0159edn\u00ed odborn\u00e1 \u0161kola energetick\u00e1 a stavebn\u00ed, Obchodn\u00ed akademie a St\u0159edn\u00ed\u00a0zdravotnick\u00e1 \u0161kola, Chomutov, p\u0159\u00edsp\u011bvkov\u00e1 organizace Partner\/Partner: Landesfeuerwehr- und Katastrophenschutzschule\u00a0Sachsen,\u00a0Sankt-Florian-Weg 1, 02979 Elsterheide,\u00a0Deutschland Popis projektu\/Beschreibung des Projektes C\u00edlem projektu je prohloubit spole\u010dn\u00e9 aktivity obou \u0161kol,&hellip; <br \/> <a class=\"read-more\" href=\"https:\/\/www.esoz-projekty.cz\/?page_id=269\">V\u00edce<\/a><\/p>\n","protected":false},"author":2,"featured_media":0,"parent":0,"menu_order":0,"comment_status":"closed","ping_status":"closed","template":"","meta":[],"_links":{"self":[{"href":"https:\/\/www.esoz-projekty.cz\/index.php?rest_route=\/wp\/v2\/pages\/269"}],"collection":[{"href":"https:\/\/www.esoz-projekty.cz\/index.php?rest_route=\/wp\/v2\/pages"}],"about":[{"href":"https:\/\/www.esoz-projekty.cz\/index.php?rest_route=\/wp\/v2\/types\/page"}],"author":[{"embeddable":true,"href":"https:\/\/www.esoz-projekty.cz\/index.php?rest_route=\/wp\/v2\/users\/2"}],"replies":[{"embeddable":true,"href":"https:\/\/www.esoz-projekty.cz\/index.php?rest_route=%2Fwp%2Fv2%2Fcomments&post=269"}],"version-history":[{"count":11,"href":"https:\/\/www.esoz-projekty.cz\/index.php?rest_route=\/wp\/v2\/pages\/269\/revisions"}],"predecessor-version":[{"id":358,"href":"https:\/\/www.esoz-projekty.cz\/index.php?rest_route=\/wp\/v2\/pages\/269\/revisions\/358"}],"wp:attachment":[{"href":"https:\/\/www.esoz-projekty.cz\/index.php?rest_route=%2Fwp%2Fv2%2Fmedia&parent=269"}],"curies":[{"name":"wp","href":"https:\/\/api.w.org\/{rel}","templated":true}]}}