{"id":541,"date":"2018-06-11T10:06:30","date_gmt":"2018-06-11T09:06:30","guid":{"rendered":"http:\/\/www.esoz-projekty.cz\/?page_id=541"},"modified":"2018-06-11T10:12:02","modified_gmt":"2018-06-11T09:12:02","slug":"podilej-se","status":"publish","type":"page","link":"https:\/\/www.esoz-projekty.cz\/?page_id=541","title":{"rendered":"Pod\u00edlej se"},"content":{"rendered":"<p><img loading=\"lazy\" class=\"alignleft wp-image-542 size-full\" src=\"http:\/\/www.esoz-projekty.cz\/wp-content\/uploads\/2018\/06\/logo-v1.png\" alt=\"\" width=\"285\" height=\"50\" \/><\/p>\n<p>web projektu: <a href=\"http:\/\/www.podilej.se\">http:\/\/www.podilej.se<\/a><\/p>\n<p>Nositel projektu je Studentsk\u00e1 <a href=\"http:\/\/www.agora-ce.cz\">AGORA<\/a><\/p>\n<h4>Partne\u0159i projektu:<\/h4>\n<p><a href=\"http:\/\/www.gymcv.cz\/\">Gymn\u00e1zium Chomutov<\/a><\/p>\n<p><a href=\"http:\/\/www.spscv.cz\/\">St\u0159edn\u00ed pr\u016fmyslov\u00e1 \u0161kola a Vy\u0161\u0161\u00ed odborn\u00e1 \u0161kola, Chomutov<\/a><\/p>\n<p><a href=\"http:\/\/www.esoz.cz\">St\u0159edn\u00ed odborn\u00e1 \u0161kola energetick\u00e1 a stavebn\u00ed, Obchodn\u00ed akademie a St\u0159edn\u00ed zdravotnick\u00e1 \u0161kola, Chomutov, p\u0159\u00edsp\u011bvkov\u00e1 organizace<\/a><\/p>\n<p>V\u00a0r\u00e1mci m\u011bsta Chomutova funguje participativn\u00edho rozpo\u010dtov\u00e1n\u00ed, neboli PB ve vlastn\u00ed form\u011b v\u00a0podob\u011b projektu Spole\u010dn\u011b tvo\u0159\u00edme Chomutov <a href=\"http:\/\/www.naschomutov.cz\/\">http:\/\/www.naschomutov.cz\/<\/a>. Projekt Pod\u00edlej se toto sna\u017een\u00ed roz\u0161i\u0159uje a nab\u00edz\u00ed v\u011bt\u0161\u00ed zapojen\u00ed mlad\u00fdch obyvatel obce t\u00edm, \u017ee jim v\u00a0pr\u016fb\u011bhu projektu zajist\u00ed nejen mo\u017enost ovlivnit sv\u00e9 okol\u00ed, ale tak\u00e9 je vybav\u00ed pot\u0159ebn\u00fdmi znalostmi a v\u011bdomostmi, kter\u00e9 jim pomohou nejen p\u0159i dal\u0161\u00edm mo\u017en\u00e9m zapojen\u00ed do participativn\u00edho rozpo\u010dtu m\u011bsta, ale i dal\u0161\u00edch aktivit ve ve\u0159ejn\u00e9m prostoru.<\/p>\n<ul>\n<li>\u010c\u00e1stka bude vyu\u017eita na realizaci projekt\u016f sm\u011b\u0159uj\u00edc\u00edch na zlep\u0161en\u00ed podoby ve\u0159ejn\u00fdch prostor m\u011bsta Chomutova (s&nbsp;d\u016frazem na prostory ur\u010den\u00e9 ml\u00e1de\u017ei) a dal\u0161\u00ed aktivity v\u00a0r\u00e1mci m\u011bsta.<\/li>\n<li>Rol\u00ed m\u011bsta Chomutova bude asistence mlad\u00fdm navrhovatel\u016fm p\u0159i navrhov\u00e1n\u00ed projekt\u016f, kooperace s&nbsp;realiz\u00e1torem a n\u00e1sledn\u00e1 realizace n\u00e1vrh\u016f.<\/li>\n<li>Role realiz\u00e1tora je uspo\u0159\u00e1d\u00e1n\u00ed \u00favodn\u00edch setk\u00e1n\u00ed a n\u00e1sledn\u00fdch vzd\u011bl\u00e1vac\u00edch setk\u00e1n\u00ed ur\u010den\u00fdch \u00fa\u010dastn\u00edk\u016fm, kte\u0159\u00ed budou vytv\u00e1\u0159et sv\u00e9 n\u00e1vrhy. Z\u00e1rove\u0148 organizace v\u00a0kooperaci s\u00a0m\u011bstem zrealizuje hlasov\u00e1n\u00ed ur\u010den\u00e9ho k&nbsp;v\u00fdb\u011bru n\u00e1vrh\u016f projekt\u016f k\u00a0realizaci.<\/li>\n<li>Role mlad\u00fdch \u00fa\u010dastn\u00edk\u016f spo\u010d\u00edv\u00e1 v&nbsp;navrhov\u00e1n\u00ed projekt\u016f, jejich konzultaci b\u011bhem ve\u0159ejn\u00fdch setk\u00e1n\u00ed a n\u00e1sledn\u00e9 rozhodov\u00e1n\u00ed o jejich realizaci v&nbsp;r\u00e1mci z\u00e1v\u011bre\u010dn\u00e9ho hlasov\u00e1n\u00ed. Navrhovatel\u00e9 pak pln\u00ed roli <a href=\"http:\/\/www.replicahorlogesverkoop.com\/category\/breitling\">replica breitling<\/a> garant\u016f jejich realizaci.<\/li>\n<\/ul>\n<h3>Pravidla pro n\u00e1vrhy ob\u010dan\u016f :<\/h3>\n<p>Aby byly n\u00e1vrhy za\u0159azeny do hlasov\u00e1n\u00ed mus\u00ed spl\u0148ovat tato krit\u00e9ria:<\/p>\n<ul>\n<li>V\u0161echny n\u00e1vrhy se mohou pouze t\u00fdkat pozemk\u016f a majetku, jen\u017e je v&nbsp;kompetenci m\u011bsta Chomutova<\/li>\n<li>N\u00e1vrhy mus\u00ed m\u00edt investi\u010dn\u00ed povahu se zam\u011b\u0159en\u00edm na \u00fapravy ve\u0159ejn\u00fdch prostranstv\u00ed nebo kulturn\u00ed rozvoj m\u011bsta<\/li>\n<li>N\u00e1klady na p\u0159\u00edpadnou projektovou dokumentaci jsou sou\u010d\u00e1st\u00ed rozpo\u010dtu, nemohou b\u00fdt ale jeho jedinou polo\u017ekou<\/li>\n<li>N\u00e1klady nep\u0159es\u00e1hnou limit 90 tis. K\u010d. v\u010d. DPH<\/li>\n<li>Ro\u010dn\u00ed provozn\u00ed n\u00e1klady projektu nep\u0159es\u00e1hnou 50% n\u00e1klad\u016f na realizaci<\/li>\n<li>N\u00e1vrh mus\u00ed b\u00fdt realizovateln\u00fd do konce r. 2018<\/li>\n<li>N\u00e1vrh mus\u00ed podat osoba star\u0161\u00ed 13 let a mlad\u0161\u00ed 20 let (v\u010detn\u011b), kter\u00e1 prok\u00e1\u017ee p\u0159\u00edslu\u0161nost k\u00a0jedn\u00e9 ze \u0161kol na \u00fazem\u00ed m\u011bsta Chomutova<\/li>\n<\/ul>\n<p>&nbsp;<\/p>\n","protected":false},"excerpt":{"rendered":"<p>web projektu: http:\/\/www.podilej.se Nositel projektu je Studentsk\u00e1 AGORA Partne\u0159i projektu: Gymn\u00e1zium Chomutov St\u0159edn\u00ed pr\u016fmyslov\u00e1 \u0161kola a Vy\u0161\u0161\u00ed odborn\u00e1 \u0161kola, Chomutov St\u0159edn\u00ed odborn\u00e1 \u0161kola energetick\u00e1 a stavebn\u00ed, Obchodn\u00ed akademie a St\u0159edn\u00ed zdravotnick\u00e1 \u0161kola, Chomutov, p\u0159\u00edsp\u011bvkov\u00e1 organizace V\u00a0r\u00e1mci m\u011bsta Chomutova funguje participativn\u00edho rozpo\u010dtov\u00e1n\u00ed, neboli PB ve vlastn\u00ed form\u011b v\u00a0podob\u011b projektu Spole\u010dn\u011b tvo\u0159\u00edme Chomutov http:\/\/www.naschomutov.cz\/. Projekt Pod\u00edlej se&hellip; <br \/> <a class=\"read-more\" href=\"https:\/\/www.esoz-projekty.cz\/?page_id=541\">V\u00edce<\/a><\/p>\n","protected":false},"author":2,"featured_media":0,"parent":0,"menu_order":0,"comment_status":"closed","ping_status":"closed","template":"","meta":[],"_links":{"self":[{"href":"https:\/\/www.esoz-projekty.cz\/index.php?rest_route=\/wp\/v2\/pages\/541"}],"collection":[{"href":"https:\/\/www.esoz-projekty.cz\/index.php?rest_route=\/wp\/v2\/pages"}],"about":[{"href":"https:\/\/www.esoz-projekty.cz\/index.php?rest_route=\/wp\/v2\/types\/page"}],"author":[{"embeddable":true,"href":"https:\/\/www.esoz-projekty.cz\/index.php?rest_route=\/wp\/v2\/users\/2"}],"replies":[{"embeddable":true,"href":"https:\/\/www.esoz-projekty.cz\/index.php?rest_route=%2Fwp%2Fv2%2Fcomments&post=541"}],"version-history":[{"count":3,"href":"https:\/\/www.esoz-projekty.cz\/index.php?rest_route=\/wp\/v2\/pages\/541\/revisions"}],"predecessor-version":[{"id":547,"href":"https:\/\/www.esoz-projekty.cz\/index.php?rest_route=\/wp\/v2\/pages\/541\/revisions\/547"}],"wp:attachment":[{"href":"https:\/\/www.esoz-projekty.cz\/index.php?rest_route=%2Fwp%2Fv2%2Fmedia&parent=541"}],"curies":[{"name":"wp","href":"https:\/\/api.w.org\/{rel}","templated":true}]}}