{"id":850,"date":"2020-08-11T14:48:33","date_gmt":"2020-08-11T13:48:33","guid":{"rendered":"http:\/\/www.esoz-projekty.cz\/?page_id=850"},"modified":"2020-08-11T15:38:39","modified_gmt":"2020-08-11T14:38:39","slug":"evropske-zkusenosti","status":"publish","type":"page","link":"https:\/\/www.esoz-projekty.cz\/?page_id=850","title":{"rendered":"Evropsk\u00e9 zku\u0161enosti"},"content":{"rendered":"\n<figure class=\"wp-block-image size-large\"><img loading=\"lazy\" width=\"800\" height=\"173\" src=\"http:\/\/www.esoz-projekty.cz\/wp-content\/uploads\/2018\/02\/Erasmus.jpg\" alt=\"\" class=\"wp-image-111\" srcset=\"https:\/\/www.esoz-projekty.cz\/wp-content\/uploads\/2018\/02\/Erasmus.jpg 800w, https:\/\/www.esoz-projekty.cz\/wp-content\/uploads\/2018\/02\/Erasmus-300x65.jpg 300w, https:\/\/www.esoz-projekty.cz\/wp-content\/uploads\/2018\/02\/Erasmus-768x166.jpg 768w\" sizes=\"(max-width: 800px) 100vw, 800px\" \/><\/figure>\n\n\n\n<h2><strong>N\u00e1zev projektu: Evropsk\u00e9 zku\u0161enosti<\/strong><\/h2>\n\n\n\n<h3>Za\u010d\u00e1tek projektu: 01-08-2019<br>Konec projektu: 28-02-2021<\/h3>\n\n\n\n<p>St\u0159edn\u00ed odborn\u00e1 \u0161kola energetick\u00e1 a stavebn\u00ed, Obchodn\u00ed akademie a St\u0159edn\u00ed zdravotnick\u00e1 \u0161kola, Chomutov, p\u0159\u00edsp\u011bvkov\u00e1 organizace je p\u00e1te\u0159n\u00ed \u0161kolou v\u00fdchovn\u011b vzd\u011bl\u00e1vac\u00edho syst\u00e9mu \u00dasteck\u00e9ho kraje. Profilov\u011b se \u0161kola zam\u011b\u0159uje na vzd\u011bl\u00e1n\u00ed budouc\u00edch pracovn\u00edk\u016f v&nbsp;sektorech energetiky a stroj\u00edrenstv\u00ed, stavebnictv\u00ed, ekonomick\u00fdch a administrativn\u00edch slu\u017eeb, integrovan\u00e9ho z\u00e1chrann\u00e9ho syst\u00e9mu a bezpe\u010dnosti obyvatel (po\u017e\u00e1rn\u00ed ochrana a bezpe\u010dnostn\u011b pr\u00e1vn\u00ed \u010dinnosti) a poskytov\u00e1n\u00ed slu\u017eeb ve zdravotnick\u00fdch (zdravotn\u00ed sestra) a soci\u00e1ln\u00edch za\u0159\u00edzen\u00edch.<\/p>\n\n\n\n<p>P\u0159edkl\u00e1dan\u00fd projekt Evropsk\u00e9 zku\u0161enosti vych\u00e1z\u00ed z&nbsp;rozvojov\u00fdch program\u016f \u0161koly. V&nbsp;projektu budou realizov\u00e1ny zahrani\u010dn\u00ed st\u00e1\u017ee pro 44 \u00fa\u010dastn\u00edk\u016f z&nbsp;\u0159ad \u017e\u00e1k\u016f \u0161koly a 6 pedagogick\u00fdch pracovn\u00edk\u016f.<\/p>\n\n\n\n<p>Z toho vych\u00e1zej\u00ed tak\u00e9 c\u00edle projektu. Pro \u017e\u00e1ky p\u0159edev\u0161\u00edm usnadn\u011bn\u00ed p\u0159echodu do prvn\u00edho kvalifikovan\u00e9ho zam\u011bstn\u00e1n\u00ed. Nadn\u00e1rodn\u00ed v\u00fdm\u011bna umo\u017en\u00ed \u017e\u00e1k\u016fm l\u00e9pe se orientovat ve sv\u00fdch oborech a mo\u017enostech uplatn\u011bn\u00ed na trhu pr\u00e1ce, pom\u016f\u017ee zkvalitnit a prohloubit si sv\u00e9 znalosti a dovednosti.<\/p>\n\n\n\n<p>Mobility maj\u00ed tak\u00e9 \u0159adu n\u00e1vazn\u00fdch efekt\u016f, jako je zlep\u0161en\u00ed jazykov\u00e9 vybavenosti, komunika\u010dn\u00ed dovednosti a z\u00edsk\u00e1n\u00ed \u010di zv\u00fd\u0161en\u00ed zdrav\u00e9 sebed\u016fv\u011bry. St\u00e1\u017e by m\u011bla \u00fa\u010dastn\u00edky motivovat nejen k&nbsp;dal\u0161\u00edmu vlastn\u00edmu rozvoji, ale tak\u00e9 k&nbsp;p\u0159enosu t\u011bchto zku\u0161enost\u00ed mezi sv\u00e9 vrstevn\u00edky, rodinu a p\u0159\u00e1tele.<\/p>\n\n\n\n<p>St\u00ednov\u00e1n\u00ed pedagogick\u00fdch pracovn\u00edk\u016f c\u00edl\u00ed p\u0159edev\u0161\u00edm na zkvalitn\u011bn\u00ed odborn\u00e9ho vzd\u011bl\u00e1v\u00e1n\u00ed ve \u0161kole a p\u0159enos dobr\u00e9 praxe.<\/p>\n\n\n\n<p>V projektu se uskute\u010dn\u00ed celkem 44 mobilit \u017e\u00e1k\u016f do 5 zem\u00ed. Z&nbsp;toho 8 \u017e\u00e1k\u016f u\u010debn\u00edch obor\u016f a 36 \u017e\u00e1k\u016f studijn\u00edch obor\u016f, co\u017e je v&nbsp;souladu s&nbsp;Evropskou internacionaliza\u010dn\u00ed strategi\u00ed. St\u00e1\u017ee jsou v\u017edy na 10 pracovn\u00edch dn\u00ed. Pro rok 2020 zapojujeme celkem 8 obor\u016f ze v\u0161ech sou\u010d\u00e1st\u00ed \u0161koly. Pro tuto v\u00fdzvu budeme vyu\u017e\u00edvat na\u0161e st\u00e1vaj\u00edc\u00ed partnery a zapoj\u00edme jednoho nov\u00e9ho z&nbsp;Irska.<\/p>\n\n\n\n<p>V r\u00e1mci mobilit budou zastoupeni nezletil\u00ed \u017e\u00e1ci, z&nbsp;tohoto d\u016fvodu \u017e\u00e1d\u00e1me o 8 doprovodn\u00fdch osob, co\u017e odpov\u00edd\u00e1 po\u010dtu vys\u00edlan\u00fdch skupin. <\/p>\n\n\n\n<p>Profesn\u00edho rozvoje pracovn\u00edk\u016f se z\u00fa\u010dastn\u00ed celkem 6 osob z&nbsp;technick\u00fdch a zdravotnick\u00fdch obor\u016f.<\/p>\n\n\n\n<p>\u010cty\u0159i \u00fa\u010dastn\u00edci technick\u00fdch obor\u016f budou st\u00ednovat na zahrani\u010dn\u00edch \u0161kol\u00e1ch 5 pracovn\u00edch dn\u00ed (N\u011bmecko, Irsko a Slovensko) a 2 \u00fa\u010dastn\u00edci zdravotnick\u00fdch obor\u016f 3 pracovn\u00ed dny u partner\u016f v&nbsp;N\u011bmecku.<\/p>\n\n\n\n<p>Z d\u016fvodu zaji\u0161t\u011bn\u00ed kvalitn\u00ed p\u0159\u00edpravy a evaluace je za\u010d\u00e1tek projektu pl\u00e1nov\u00e1n na 1.8.2019, prvn\u00ed st\u00e1\u017e v&nbsp;\u00fanoru 2020, posledn\u00ed st\u00e1\u017e v&nbsp;\u0159\u00edjnu 2020 a ukon\u010den\u00ed projektu v&nbsp;\u00fanoru 2021.<\/p>\n\n\n\n<p>Program pro \u00fa\u010dastn\u00edky bude prob\u00edhat dle nastaven\u00fdch jednotek v\u00fdsledk\u016f u\u010den\u00ed v&nbsp;syst\u00e9mu ECVET.<\/p>\n\n\n\n<p>V projektu budeme vyu\u017e\u00edvat principy z\u00e1sady Evropsk\u00e9ho syst\u00e9mu kredit\u016f pro odborn\u00e9 vzd\u011bl\u00e1v\u00e1n\u00ed a p\u0159\u00edpravu (ECVET). Tento syst\u00e9m pom\u016f\u017ee zajistit kvalitu mezin\u00e1rodn\u00ed mobility, transparentnost kvalifikac\u00ed a n\u00e1sledn\u00e9 p\u0159enesen\u00ed jednotky v\u00fdsledk\u016f u\u010den\u00ed i do spolupr\u00e1ce \u0161kol a podnik\u016f u n\u00e1s i v&nbsp;zahrani\u010d\u00ed. Nastaven\u00e9 jednotky v\u00fdsledk\u016f u\u010den\u00ed popisuj\u00ed, jak\u00e9 znalosti, dovednosti a kompetence si m\u00e1 \u00fa\u010dastn\u00edk b\u011bhem st\u00e1\u017ee osvojit. Ty budou je\u0161t\u011b upraveny po up\u0159esn\u011bn\u00ed term\u00ednu st\u00e1\u017ee a ur\u010den\u00ed kone\u010dn\u00e9 p\u0159ij\u00edmaj\u00edc\u00ed organizace.<\/p>\n\n\n\n<div class=\"wp-block-file\"><a href=\"http:\/\/www.esoz-projekty.cz\/wp-content\/uploads\/2020\/08\/Informace-ke-st\u00e1\u017ei-Sevilla-leden-2020.pdf\">Informace-ke-st\u00e1\u017ei-Sevilla-leden-2020<\/a><a href=\"http:\/\/www.esoz-projekty.cz\/wp-content\/uploads\/2020\/08\/Informace-ke-st\u00e1\u017ei-Sevilla-leden-2020.pdf\" class=\"wp-block-file__button\" download>St\u00e1hnout<\/a><\/div>\n\n\n\n<div class=\"wp-block-file\"><a href=\"http:\/\/www.esoz-projekty.cz\/wp-content\/uploads\/2020\/08\/p\u0159ihl\u00e1\u0161ka_Sevilla_01_2020.pdf\">p\u0159ihl\u00e1\u0161ka_Sevilla_01_2020<\/a><a href=\"http:\/\/www.esoz-projekty.cz\/wp-content\/uploads\/2020\/08\/p\u0159ihl\u00e1\u0161ka_Sevilla_01_2020.pdf\" class=\"wp-block-file__button\" download>St\u00e1hnout<\/a><\/div>\n\n\n\n<hr class=\"wp-block-separator\"\/>\n\n\n\n<h2>Project title: European Experiences<\/h2>\n\n\n\n<h3>Beginning of the project: 01-08-2019<br>End of the project: 28-02-2021<\/h3>\n\n\n\n<p>Secondary Technical School, Business Academy and Secondary Medical School, Chomutov, is the key school in the educational system of region \u00dast\u00ed. It is focused on education of future employees of energetic branch and engineering, building industry, economic and administrative services, integrate rescue system and safety of inhabitants (fire brigade and safety activity) and providing services in the area of health care (nurse) and social facilities.<\/p>\n\n\n\n<p>This project Open European experiences comes from developing programs of the school. In the project will be implemented internships abroad for 44 participants from the students and 6 pedagogic workers from the school.<\/p>\n\n\n\n<p>The aim of the project also come out of this. For students it is mostly to ease transfer to first qualified job. International swop enables students to be knowledgeable in their branches and their ability to be a part of labour market; they improve quality and deepen their knowledge and skills. Nobilities have another following effect such as improvement of language ability, communication skills, obtaining or improving self-confidence. Internship should motivate participants to further development and also to pass on these experiences within people of same age, family and friends.<\/p>\n\n\n\n<p>Pedagogic workers shadowing focuses mostly to get better quality of vocational training at school and good practice transfer.<\/p>\n\n\n\n<p>In the project will be done all together 44 mobility of the students to five countries. Out of these there will be eight students from vocational branches and 36 students from study branch, which is in line with the European Internationalization Strategy. Internships will be always for ten working days. Forour existing partners for this challenge and we will engage one new from Ireland.<\/p>\n\n\n\n<p>In the case of mobility will be participating under-age students, for this reason we are asking for eight accompanying people, that correspondents to the number of sent groups.<\/p>\n\n\n\n<p>The professional development of the staff will be attended by 6 people from the technical and health care branches. Four participants of technical branches will shadow at schools abroad for five working days (Germany, Ireland and Slovakia) and 2 health care branches for three working days with partners in Germany.<\/p>\n\n\n\n<p>To ensure good quality of preparation and evaluation, the start of the project is scheduled for 1.8.2019, the first internship in February 2020, the last internship in October 2020 and the completion of the project in February 2021.<\/p>\n\n\n\n<p>The program for participants will be set according to the set learning units in ECVET.<\/p>\n\n\n\n<p>In the project will be used the principles of the European Credit System for Vocational Education and Training (ECVET). This system will help to ensure the quality of international mobility, transparency of qualifications and then transfer it into the cooperation between schools and companies at home and abroad. Adjusted learning units of results describe what knowledge, skills and competencies should participant during the internship learn. They will still be adjusted after final clarification of the term and the final host organization.<\/p>\n\n\n\n<p><\/p>\n","protected":false},"excerpt":{"rendered":"<p>N\u00e1zev projektu: Evropsk\u00e9 zku\u0161enosti Za\u010d\u00e1tek projektu: 01-08-2019Konec projektu: 28-02-2021 St\u0159edn\u00ed odborn\u00e1 \u0161kola energetick\u00e1 a stavebn\u00ed, Obchodn\u00ed akademie a St\u0159edn\u00ed zdravotnick\u00e1 \u0161kola, Chomutov, p\u0159\u00edsp\u011bvkov\u00e1 organizace je p\u00e1te\u0159n\u00ed \u0161kolou v\u00fdchovn\u011b vzd\u011bl\u00e1vac\u00edho syst\u00e9mu \u00dasteck\u00e9ho kraje. Profilov\u011b se \u0161kola zam\u011b\u0159uje na vzd\u011bl\u00e1n\u00ed budouc\u00edch pracovn\u00edk\u016f v&nbsp;sektorech energetiky a stroj\u00edrenstv\u00ed, stavebnictv\u00ed, ekonomick\u00fdch a administrativn\u00edch slu\u017eeb, integrovan\u00e9ho z\u00e1chrann\u00e9ho syst\u00e9mu a bezpe\u010dnosti obyvatel&hellip; <br \/> <a class=\"read-more\" href=\"https:\/\/www.esoz-projekty.cz\/?page_id=850\">V\u00edce<\/a><\/p>\n","protected":false},"author":2,"featured_media":0,"parent":0,"menu_order":0,"comment_status":"closed","ping_status":"closed","template":"","meta":[],"_links":{"self":[{"href":"https:\/\/www.esoz-projekty.cz\/index.php?rest_route=\/wp\/v2\/pages\/850"}],"collection":[{"href":"https:\/\/www.esoz-projekty.cz\/index.php?rest_route=\/wp\/v2\/pages"}],"about":[{"href":"https:\/\/www.esoz-projekty.cz\/index.php?rest_route=\/wp\/v2\/types\/page"}],"author":[{"embeddable":true,"href":"https:\/\/www.esoz-projekty.cz\/index.php?rest_route=\/wp\/v2\/users\/2"}],"replies":[{"embeddable":true,"href":"https:\/\/www.esoz-projekty.cz\/index.php?rest_route=%2Fwp%2Fv2%2Fcomments&post=850"}],"version-history":[{"count":5,"href":"https:\/\/www.esoz-projekty.cz\/index.php?rest_route=\/wp\/v2\/pages\/850\/revisions"}],"predecessor-version":[{"id":880,"href":"https:\/\/www.esoz-projekty.cz\/index.php?rest_route=\/wp\/v2\/pages\/850\/revisions\/880"}],"wp:attachment":[{"href":"https:\/\/www.esoz-projekty.cz\/index.php?rest_route=%2Fwp%2Fv2%2Fmedia&parent=850"}],"curies":[{"name":"wp","href":"https:\/\/api.w.org\/{rel}","templated":true}]}}

Evropské zkušenosti

<figure class="wp-block-image size-large"><img loading="lazy" width="800" height="173" src="http://www.esoz-projekty.cz/wp-content/uploads/2018/02/Erasmus.jpg" alt="" class="wp-image-111" srcset="https://www.esoz-projekty.cz/wp-content/uploads/2018/02/Erasmus.jpg 800w, https://www.esoz-projekty.cz/wp-content/uploads/2018/02/Erasmus-300x65.jpg 300w, https://www.esoz-projekty.cz/wp-content/uploads/2018/02/Erasmus-768x166.jpg 768w" sizes="(max-width: 800px) 100vw, 800px" /></figure>



<h2><strong>Název projektu: Evropské zkušenosti</strong></h2>



<h3>Začátek projektu: 01-08-2019<br>Konec projektu: 28-02-2021</h3>



<p>Střední odborná škola energetická a stavební, Obchodní akademie a Střední zdravotnická škola, Chomutov, příspěvková organizace je páteřní školou výchovně vzdělávacího systému Ústeckého kraje. Profilově se škola zaměřuje na vzdělání budoucích pracovníků v&nbsp;sektorech energetiky a strojírenství, stavebnictví, ekonomických a administrativních služeb, integrovaného záchranného systému a bezpečnosti obyvatel (požární ochrana a bezpečnostně právní činnosti) a poskytování služeb ve zdravotnických (zdravotní sestra) a sociálních zařízeních.</p>



<p>Předkládaný projekt Evropské zkušenosti vychází z&nbsp;rozvojových programů školy. V&nbsp;projektu budou realizovány zahraniční stáže pro 44 účastníků z&nbsp;řad žáků školy a 6 pedagogických pracovníků.</p>



<p>Z toho vycházejí také cíle projektu. Pro žáky především usnadnění přechodu do prvního kvalifikovaného zaměstnání. Nadnárodní výměna umožní žákům lépe se orientovat ve svých oborech a možnostech uplatnění na trhu práce, pomůže zkvalitnit a prohloubit si své znalosti a dovednosti.</p>



<p>Mobility mají také řadu návazných efektů, jako je zlepšení jazykové vybavenosti, komunikační dovednosti a získání či zvýšení zdravé sebedůvěry. Stáž by měla účastníky motivovat nejen k&nbsp;dalšímu vlastnímu rozvoji, ale také k&nbsp;přenosu těchto zkušeností mezi své vrstevníky, rodinu a přátele.</p>



<p>Stínování pedagogických pracovníků cílí především na zkvalitnění odborného vzdělávání ve škole a přenos dobré praxe.</p>



<p>V projektu se uskuteční celkem 44 mobilit žáků do 5 zemí. Z&nbsp;toho 8 žáků učebních oborů a 36 žáků studijních oborů, což je v&nbsp;souladu s&nbsp;Evropskou internacionalizační strategií. Stáže jsou vždy na 10 pracovních dní. Pro rok 2020 zapojujeme celkem 8 oborů ze všech součástí školy. Pro tuto výzvu budeme využívat naše stávající partnery a zapojíme jednoho nového z&nbsp;Irska.</p>



<p>V rámci mobilit budou zastoupeni nezletilí žáci, z&nbsp;tohoto důvodu žádáme o 8 doprovodných osob, což odpovídá počtu vysílaných skupin. </p>



<p>Profesního rozvoje pracovníků se zúčastní celkem 6 osob z&nbsp;technických a zdravotnických oborů.</p>



<p>Čtyři účastníci technických oborů budou stínovat na zahraničních školách 5 pracovních dní (Německo, Irsko a Slovensko) a 2 účastníci zdravotnických oborů 3 pracovní dny u partnerů v&nbsp;Německu.</p>



<p>Z důvodu zajištění kvalitní přípravy a evaluace je začátek projektu plánován na 1.8.2019, první stáž v&nbsp;únoru 2020, poslední stáž v&nbsp;říjnu 2020 a ukončení projektu v&nbsp;únoru 2021.</p>



<p>Program pro účastníky bude probíhat dle nastavených jednotek výsledků učení v&nbsp;systému ECVET.</p>



<p>V projektu budeme využívat principy zásady Evropského systému kreditů pro odborné vzdělávání a přípravu (ECVET). Tento systém pomůže zajistit kvalitu mezinárodní mobility, transparentnost kvalifikací a následné přenesení jednotky výsledků učení i do spolupráce škol a podniků u nás i v&nbsp;zahraničí. Nastavené jednotky výsledků učení popisují, jaké znalosti, dovednosti a kompetence si má účastník během stáže osvojit. Ty budou ještě upraveny po upřesnění termínu stáže a určení konečné přijímající organizace.</p>



<div class="wp-block-file"><a href="http://www.esoz-projekty.cz/wp-content/uploads/2020/08/Informace-ke-stáži-Sevilla-leden-2020.pdf">Informace-ke-stáži-Sevilla-leden-2020</a><a href="http://www.esoz-projekty.cz/wp-content/uploads/2020/08/Informace-ke-stáži-Sevilla-leden-2020.pdf" class="wp-block-file__button" download>Stáhnout</a></div>



<div class="wp-block-file"><a href="http://www.esoz-projekty.cz/wp-content/uploads/2020/08/přihláška_Sevilla_01_2020.pdf">přihláška_Sevilla_01_2020</a><a href="http://www.esoz-projekty.cz/wp-content/uploads/2020/08/přihláška_Sevilla_01_2020.pdf" class="wp-block-file__button" download>Stáhnout</a></div>



<hr class="wp-block-separator"/>



<h2>Project title: European Experiences</h2>



<h3>Beginning of the project: 01-08-2019<br>End of the project: 28-02-2021</h3>



<p>Secondary Technical School, Business Academy and Secondary Medical School, Chomutov, is the key school in the educational system of region Ústí. It is focused on education of future employees of energetic branch and engineering, building industry, economic and administrative services, integrate rescue system and safety of inhabitants (fire brigade and safety activity) and providing services in the area of health care (nurse) and social facilities.</p>



<p>This project Open European experiences comes from developing programs of the school. In the project will be implemented internships abroad for 44 participants from the students and 6 pedagogic workers from the school.</p>



<p>The aim of the project also come out of this. For students it is mostly to ease transfer to first qualified job. International swop enables students to be knowledgeable in their branches and their ability to be a part of labour market; they improve quality and deepen their knowledge and skills. Nobilities have another following effect such as improvement of language ability, communication skills, obtaining or improving self-confidence. Internship should motivate participants to further development and also to pass on these experiences within people of same age, family and friends.</p>



<p>Pedagogic workers shadowing focuses mostly to get better quality of vocational training at school and good practice transfer.</p>



<p>In the project will be done all together 44 mobility of the students to five countries. Out of these there will be eight students from vocational branches and 36 students from study branch, which is in line with the European Internationalization Strategy. Internships will be always for ten working days. Forour existing partners for this challenge and we will engage one new from Ireland.</p>



<p>In the case of mobility will be participating under-age students, for this reason we are asking for eight accompanying people, that correspondents to the number of sent groups.</p>



<p>The professional development of the staff will be attended by 6 people from the technical and health care branches. Four participants of technical branches will shadow at schools abroad for five working days (Germany, Ireland and Slovakia) and 2 health care branches for three working days with partners in Germany.</p>



<p>To ensure good quality of preparation and evaluation, the start of the project is scheduled for 1.8.2019, the first internship in February 2020, the last internship in October 2020 and the completion of the project in February 2021.</p>



<p>The program for participants will be set according to the set learning units in ECVET.</p>



<p>In the project will be used the principles of the European Credit System for Vocational Education and Training (ECVET). This system will help to ensure the quality of international mobility, transparency of qualifications and then transfer it into the cooperation between schools and companies at home and abroad. Adjusted learning units of results describe what knowledge, skills and competencies should participant during the internship learn. They will still be adjusted after final clarification of the term and the final host organization.</p>



<p></p>

<p>Název projektu: Evropské zkušenosti Začátek projektu: 01-08-2019Konec projektu: 28-02-2021 Střední odborná škola energetická a stavební, Obchodní akademie a Střední zdravotnická škola, Chomutov, příspěvková organizace je páteřní školou výchovně vzdělávacího systému Ústeckého kraje. Profilově se škola zaměřuje na vzdělání budoucích pracovníků v&nbsp;sektorech energetiky a strojírenství, stavebnictví, ekonomických a administrativních služeb, integrovaného záchranného systému a bezpečnosti obyvatel&hellip; <br /> <a class="read-more" href="https://www.esoz-projekty.cz/?page_id=850">Více</a></p>
